- 25*o + 25. Calculate v(1).
552
Let q(l) = l**2 - 27*l + 159. Determine q(20).
19
Let n(j) = -99*j**2 - 897*j - 57. Determine n(-9).
-3
Let z(q) = -q**2 + 17182*q - 85900. Calculate z(5).
-15
Let d(o) = 6*o + 6. Calculate d(13).
84
Let r(p) = 2*p**3 - 135*p**2 - 93*p + 1743. Determine r(68).
43
Let m(n) = -408*n + 65. Calculate m(0).
65
Let b(j) = 86*j - 102. What is b(3)?
156
Let p(b) = -2*b**3 + 13*b**2 + 3*b - 14. What is p(5)?
76
Let f(l) = 63*l + 1542. What is f(-24)?
30
Let d(q) = q**2 + 450*q + 3498. What is d(-8)?
-38
Let d(b) = -b**2 - 68*b - 766. Determine d(-16).
66
Let d(k) = -5*k**3 + 2*k**2 - 13*k + 34. Give d(0).
34
Let v(k) = k**3 - 17*k**2 + 30*k - 165. Give v(16).
59
Let m(d) = 64*d - 1452. Determine m(22).
-44
Let b(i) = -i - 90. What is b(-20)?
-70
Let x(a) = 2*a**2 + 25*a - 189. Determine x(-18).
9
Let j(i) = -91*i + 9163. Calculate j(100).
63
Let p(a) = a**3 + 19*a**2 - 22*a - 109. Determine p(-20).
-69
Let v(p) = -6784*p + 176379. What is v(26)?
-5
Let c(w) = w**2 - 101*w + 13. Determine c(0).
13
Let v(r) = -90*r + 2791. What is v(31)?
1
Let m(d) = 42*d**3 - 82*d**2 - 4*d + 10. Give m(2).
10
Let s(m) = 25*m - 303. Calculate s(12).
-3
Let s(f) = -f**3 + 15*f**2 - 58*f + 149. Determine s(11).
-5
Let p(b) = 5*b**2 + 12*b - 69. Determine p(4).
59
Let i(b) = -170*b + 1180. Give i(11).
-690
Let v(k) = 2*k**3 - 51*k**2 + 77*k - 114. What is v(24)?
6
Let b(a) = 72*a + 509. Calculate b(-7).
5
Let x(k) = k**2 + 192*k + 3743. What is x(-22)?
3
Let o(w) = w**2 + 89*w + 991. Calculate o(-76).
3
Let d(n) = -4*n**2 + 65*n - 266. Determine d(10).
-16
Let q(u) = -623*u - 2447. What is q(-4)?
45
Let z(w) = w**3 - 21*w**2 - 189*w - 158. Calculate z(28).
38
Let s(w) = -396*w - 668. Calculate s(0).
-668
Let l(t) = 3*t**3 + 10*t**2 - 25*t - 42. What is l(-6)?
-180
Let o(q) = -q**2 - 10*q - 294. Calculate o(0).
-294
Let j(n) = n**3 - 44*n**2 + 101*n + 901. Give j(41).
-1
Let c(z) = 18*z - 456. Calculate c(24).
-24
Let d(w) = -w**2 + 4*w - 8. Determine d(6).
-20
Let z(d) = -4*d - 130. Give z(3).
-142
Let s(k) = k**2 + 273*k + 12447. What is s(-58)?
-23
Let v(y) = 3*y**2 + 2*y + 82. What is v(0)?
82
Let r(i) = -i**3 - 15*i**2 + 4*i - 192. Determine r(-16).
0
Let p(d) = -d**2 + 814*d + 115250. What is p(-123)?
-1
Let t(c) = c**3 + 13*c**2 - 9*c - 16. Calculate t(-13).
101
Let q(g) = g**3 - 29*g**2 + 83*g - 84. Calculate q(26).
46
Let h(s) = 19*s - 239. Determine h(10).
-49
Let s(o) = -2*o**3 + 205*o**2 + 31*o - 13566. What is s(102)?
0
Let d(r) = -2012*r + 2005. Give d(1).
-7
Let j(f) = -21*f + 94. Determine j(8).
-74
Let q(k) = -220*k - 2644. What is q(-12)?
-4
Let v(m) = m**3 + 17*m**2 + 59*m - 6. Determine v(-6).
36
Let r(x) = 57*x + 367. Determine r(-6).
25
Let n(w) = -72*w**2 - 9*w - 28. Calculate n(-3).
-649
Let x(j) = -87*j + 114. Determine x(7).
-495
Let v(y) = -3*y**3 + 180*y**2 - 178*y - 36. Determine v(59).
-95
Let p(j) = -7376*j - 36892. What is p(-5)?
-12
Let t(f) = -108*f**2 - 524*f + 73. What is t(-5)?
-7
Let i(o) = -12*o + 603. Give i(46).
51
Let l(b) = -55*b - 660. Give l(-12).
0
Let c(o) = -478*o - 13446. Determine c(-28).
-62
Let w(l) = 50*l**2 - 31*l - 1. Calculate w(1).
18
Let u(w) = -w**2 + 13. Calculate u(5).
-12
Let o(y) = -33*y - 1552. What is o(-47)?
-1
Let t(d) = 763*d - 5373. Give t(7).
-32
Let l(y) = 2*y**3 - 102*y**2 - 109*y + 21. Determine l(52).
-239
Let y(z) = z**2 + 26*z - 402. What is y(14)?
158
Let t(h) = -18*h**3 - 119*h**2. What is t(-6)?
-396
Let u(n) = n**3 + 33*n**2 + 218*n - 236. What is u(-11)?
28
Let o(a) = -12*a - 1290. Determine o(-91).
-198
Let v(x) = x**2 + 364*x - 11814. Give v(30).
6
Let a(p) = -3*p**2 - 91*p + 54. What is a(-30)?
84
Let n(p) = 34*p - 8731. Give n(257).
7
Let i(l) = -16*l + 107. Calculate i(8).
-21
Let g(d) = -d**3 + 40*d**2 + 181*d + 2. Determine g(-4).
-18
Let v(x) = 7*x**3 + 1063*x**2 - 145*x + 1056. Determine v(-152).
-8
Let b(m) = -2*m**2 + 97*m - 634. Calculate b(39).
107
Let f(o) = -o + 338. What is f(17)?
321
Let p(v) = 21*v**3 + 105*v**2 + 15*v + 87. Determine p(-5).
12
Let f(b) = 39*b - 1254. Calculate f(32).
-6
Let w(i) = -i**3 - 31*i**2 - 161*i + 173. Calculate w(-24).
5
Let a(n) = -123*n - 2100. Give a(-18).
114
Let s(w) = -6303*w - 252130. What is s(-40)?
-10
Let b(i) = -i**2 - 4*i + 5. Determine b(3).
-16
Let g(o) = -455*o + 24552. Give g(54).
-18
Let r(o) = 487*o - 4379. Determine r(9).
4
Let b(r) = 161*r**2 + 661*r + 71. Determine b(-4).
3
Let f(q) = -q**3 - 11*q**2 + 58*q + 538. Calculate f(-12).
-14
Let b(h) = -h**2 - 5*h + 286. What is b(-19)?
20
Let y(h) = 90*h - 2168. Determine y(24).
-8
Let y(i) = -i**2 - 13*i - 8. What is y(-12)?
4
Let y(x) = 17*x**3 - x**2 + 17*x - 22. Give y(2).
144
Let s(a) = -2*a**3 + 42*a + 42. Determine s(-1).
2
Let l(x) = -5807*x + 23232. Determine l(4).
4
Let z(j) = 4*j**2 + 62*j - 136. Give z(2).
4
Let z(u) = u**3 + 3*u**2 + u - 11. Calculate z(-5).
-66
Let x(w) = -w**2 + 33*w - 250. What is x(13)?
10
Let t(j) = -j**2 + 32*j + 819. Give t(-16).
51
Let r(d) = 6*d**2 - 488*d + 145. Calculate r(81).
-17
Let b(s) = 8*s - 104. Calculate b(18).
40
Let i(w) = 373*w - 43623. Calculate i(117).
18
Let d(z) = z**2 - 94. What is d(22)?
390
Let x(y) = y**3 - 13*y**2 + 22*y - 1. Give x(11).
-1
Let u(t) = -t**3 + 9*t**2 - 125*t + 1350. Calculate u(10).
0
Let s(b) = b**2 - 48*b + 247. Give s(6).
-5
Let g(v) = -v**3 + 10*v**2 - 6*v - 66. Determine g(10).
-126
Let m(r) = 3*r**3 - 68*r**2 - 19*r - 110. Give m(23).
-18
Let z(o) = -o**3 - 21*o**2 + 7*o - 320. Calculate z(-22).
10
Let p(h) = -285*h - 11935. Calculate p(-42).
35
Let h(v) = -3*v**2 + 92*v + 218. What is h(33)?
-13
Let p(m) = 135*m + 22659. What is p(-168)?
-21
Let v(s) = -259*s - 49732. Determine v(-192).
-4
Let l(x) = 3*x**3 + 175*x**2 - 97*x + 1242. Give l(-59).
3
Let h(t) = -1464*t + 2922. Determine h(2).
-6
Let h(o) = 277*o + 1040. Give h(-7).
-899
Let k(r) = -6*r - 21. What is k(3)?
-39
Let k(m) = 17*m**2 + 391*m - 26. Give k(-23).
-26
Let g(y) = -3*y**2 + 211*y - 57. What is g(0)?
-57
Let y(q) = -q - 102. Determine y(32).
-134
Let x(i) = -i**3 - 3*i**2 + 51*i + 30. Give x(6).
12
Let m(l) = -253*l + 9107. Give m(36).
-1
Let x(g) = -g**3 - 23*g**2 + 84*g + 1442. Determine x(-24).
2
Let i(z) = 1732*z + 20786. Calculate i(-12).
2
Let b(q) = -1338*q + 10698. What is b(8)?
-6
Let i(b) = -173*b + 83. Calculate i(2).
-263
Let j(z) = z**3 + 39*z**2 - 51*z + 3159. Determine j(-42).
9
Let j(b) = -13*b**3 + 395*b**2 - 148*b - 59. Determine j(30).
1
Let p(f) = f**2 + 42*f + 377. Give p(-13).
0
Let g(x) = 27*x + 83. Calculate g(-2).
29
Let o(u) = u**3 + 8*u**2 + 8*u + 46. What is o(-9)?
-107
Let g(d) = -d**3 - 9*d**2 + 226*d + 34. What is g(-20)?
-86
Let c(s) = -s**3 - 8*s**2 + 68*s + 236. What is c(-12)?
-4
Let w(b) = -2559*b + 10226. Determine w(4).
-10
Let s(b) = -b**3 + 11*b**2 + 3*b - 26. Determine s(5).
139
Let a(x) = 23*x - 2755. What is a(109)?
-248
Let w(j) = -130*j + 1660. Calculate w(13).
-30
Let f(i) = 17*i + 342. Give f(-13).
121
Let n(k) = -13*k + 70. Give n(8).
-34
Let b(z) = -5*z**3 - z**2 + 461*z - 918. Calculate b(2).
-40
Let x(y) = 194*y - 204. What is x(2)?
184
Let m(s) = -164*s - 2602. Determine m(-16).
22
Let v(q) = -2*q**3 - 25*q**2 - 76*q + 4. What is v(-4)?
36
Let g(t) = t**2 - 360*t + 6705. Give g(19).
226
Let p(w) = -9*w**2 + 49*w + 150. Give p(-3).
-78
Let d(y) = -y**3 - 10*y**2 + 149*y - 48. Give d(8).
-8
Let j(s) = 2*s**3 + 21*s**2 + 37*s + 38. Calculate j(-7).
122
Let x(l) = 34*l**2 + 1944*l + 363. Determine x(-57).
21
Let n(b) = 335*b - 5214. Determine n(16).
146
Let f(x) = x**3 + 10*x**2 - 65*x - 510. Determine f(-12).
-18
Let k(l) = l**2 - 66*l - 191. Calculate k(-3).
16
Let u(r) = r**3 + 40*r**2 - 327*r + 103. What is u(-47)?
9
Let s(g) = 5*g**2 + 3*g - 6. Give s(2).
20
Let v(i) = -222*i + 1533. Calculate v(7).
-21
Let v(i) = 2*i**2 + 22*i - 336. Give v(-19).
-32
Let u(p) = -44*p - 37. Determine u(-5).
183
Let z(u) = 20*u**2 + 607*u - 43. Determine z(-29).
-826
Let j(v) = -v**2 - 95*v - 2064. Determine j(-61).
10
Let u(q) = -27*q**2 - 32*q + 39. Determine u(-2).
-5
Let x(m) = m**3 + 72*m**2 + 5*m + 397. Calculate x(-72).
37
Let t(p) = -68*p**2 + p + 1. What is t(1)?
-66
Let p(h) = 39*h + 1515. Calculate p(-39).
-6
Let f(l) = 4252*l - 12757. Give f(3).
-1
L